{"id":34,"date":"2026-03-11T14:41:22","date_gmt":"2026-03-11T14:41:22","guid":{"rendered":"http:\/\/americobras.pt\/?page_id=34"},"modified":"2026-03-24T15:22:06","modified_gmt":"2026-03-24T15:22:06","slug":"home","status":"publish","type":"page","link":"https:\/\/americobras.pt\/","title":{"rendered":"Am\u00e9rico Br\u00e1s &#8211; Gabinete de Contabilidade"},"content":{"rendered":"\t\t<div data-elementor-type=\"wp-page\" data-elementor-id=\"34\" class=\"elementor elementor-34\">\n\t\t\t\t<div class=\"elementor-element elementor-element-d1be683 e-con-full e-flex e-con e-parent\" data-id=\"d1be683\" data-element_type=\"container\" data-e-type=\"container\" data-settings=\"{&quot;background_background&quot;:&quot;classic&quot;}\">\n\t\t<div class=\"elementor-element elementor-element-dbc0353 e-con-full e-flex e-con e-child\" data-id=\"dbc0353\" data-element_type=\"container\" data-e-type=\"container\" data-settings=\"{&quot;background_background&quot;:&quot;classic&quot;}\">\n\t\t\t\t<div class=\"elementor-element elementor-element-0d77900 elementor-invisible elementor-widget elementor-widget-heading\" data-id=\"0d77900\" data-element_type=\"widget\" data-e-type=\"widget\" data-settings=\"{&quot;_animation&quot;:&quot;fadeIn&quot;}\" data-widget_type=\"heading.default\">\n\t\t\t\t\t<h2 class=\"elementor-heading-title elementor-size-default\">AM\u00c9RICO BR\u00c1S <p>GABINETE DE CONTABILIDADE<span style=\"letter-spacing: 0px\"><\/span><\/p><\/h2>\t\t\t\t<\/div>\n\t\t\t\t<div class=\"elementor-element elementor-element-3071340 elementor-invisible elementor-widget elementor-widget-heading\" data-id=\"3071340\" data-element_type=\"widget\" data-e-type=\"widget\" data-settings=\"{&quot;_animation&quot;:&quot;fadeIn&quot;}\" data-widget_type=\"heading.default\">\n\t\t\t\t\t<h5 class=\"elementor-heading-title elementor-size-default\">Contabilidade Geral, Consultadoria Fiscal, IRS, IRC, IVA, Fiscalidade, Projetos e Candidaturas<\/h5>\t\t\t\t<\/div>\n\t\t\t\t<div class=\"elementor-element elementor-element-1ba597d elementor-align-center elementor-invisible elementor-widget elementor-widget-button\" data-id=\"1ba597d\" data-element_type=\"widget\" data-e-type=\"widget\" data-settings=\"{&quot;_animation&quot;:&quot;fadeIn&quot;,&quot;_animation_delay&quot;:400}\" data-widget_type=\"button.default\">\n\t\t\t\t\t\t\t\t\t\t<a class=\"elementor-button elementor-button-link elementor-size-sm\" href=\"#contactos\">\n\t\t\t\t\t\t<span class=\"elementor-button-content-wrapper\">\n\t\t\t\t\t\t\t\t\t<span class=\"elementor-button-text\">Contacte-nos<\/span>\n\t\t\t\t\t<\/span>\n\t\t\t\t\t<\/a>\n\t\t\t\t\t\t\t\t<\/div>\n\t\t\t\t<\/div>\n\t\t\t\t<\/div>\n\t\t<div class=\"elementor-element elementor-element-734430e e-flex e-con-boxed e-con e-parent\" data-id=\"734430e\" data-element_type=\"container\" data-e-type=\"container\">\n\t\t\t\t\t<div class=\"e-con-inner\">\n\t\t\t\t<div class=\"elementor-element elementor-element-cf38e4c elementor-widget elementor-widget-menu-anchor\" data-id=\"cf38e4c\" data-element_type=\"widget\" data-e-type=\"widget\" data-widget_type=\"menu-anchor.default\">\n\t\t\t\t\t\t\t<div class=\"elementor-menu-anchor\" id=\"servicos\"><\/div>\n\t\t\t\t\t\t<\/div>\n\t\t\t\t<div class=\"elementor-element elementor-element-f84e4dc elementor-widget elementor-widget-heading\" data-id=\"f84e4dc\" data-element_type=\"widget\" data-e-type=\"widget\" data-widget_type=\"heading.default\">\n\t\t\t\t\t<h2 class=\"elementor-heading-title elementor-size-default\">Servi\u00e7os<\/h2>\t\t\t\t<\/div>\n\t\t<div class=\"elementor-element elementor-element-e40c4ca e-con-full e-flex e-con e-child\" data-id=\"e40c4ca\" data-element_type=\"container\" data-e-type=\"container\">\n\t\t\t\t<div class=\"elementor-element elementor-element-3d6c455 elementor-widget-tablet__width-initial elementor-widget-mobile__width-inherit elementor-widget__width-initial elementor-position-top elementor-widget elementor-widget-image-box\" data-id=\"3d6c455\" data-element_type=\"widget\" data-e-type=\"widget\" data-widget_type=\"image-box.default\">\n\t\t\t\t\t<div class=\"elementor-image-box-wrapper\"><figure class=\"elementor-image-box-img\"><img fetchpriority=\"high\" decoding=\"async\" width=\"1536\" height=\"1075\" src=\"http:\/\/americobras.pt\/wp-content\/uploads\/2026\/03\/Fotos-site-AB-1536x1075.jpg\" class=\"elementor-animation-grow attachment-1536x1536 size-1536x1536 wp-image-57\" alt=\"\" srcset=\"https:\/\/americobras.pt\/wp-content\/uploads\/2026\/03\/Fotos-site-AB-1536x1075.jpg 1536w, https:\/\/americobras.pt\/wp-content\/uploads\/2026\/03\/Fotos-site-AB-300x210.jpg 300w, https:\/\/americobras.pt\/wp-content\/uploads\/2026\/03\/Fotos-site-AB-1024x717.jpg 1024w, https:\/\/americobras.pt\/wp-content\/uploads\/2026\/03\/Fotos-site-AB-768x538.jpg 768w, https:\/\/americobras.pt\/wp-content\/uploads\/2026\/03\/Fotos-site-AB.jpg 1600w\" sizes=\"(max-width: 1536px) 100vw, 1536px\" \/><\/figure><div class=\"elementor-image-box-content\"><h4 class=\"elementor-image-box-title\">Contabilidade Geral, Fiscalidade e Sal\u00e1rios<\/h4><p class=\"elementor-image-box-description\">Os nossos servi\u00e7os de contabilidade geral inclui tratamento de impostos IVA IRS IRC, gest\u00e3o de ativos, aconselhamento fiscal e entrega de todas as obriga\u00e7\u00f5es fiscais.\n\nEfetuamos processamento de sal\u00e1rios, envio de declara\u00e7\u00f5es de remunera\u00e7\u00f5es e TSU.<\/p><\/div><\/div>\t\t\t\t<\/div>\n\t\t\t\t<div class=\"elementor-element elementor-element-18961b7 elementor-widget-tablet__width-initial elementor-widget-mobile__width-inherit elementor-widget__width-initial elementor-position-top elementor-widget elementor-widget-image-box\" data-id=\"18961b7\" data-element_type=\"widget\" data-e-type=\"widget\" data-widget_type=\"image-box.default\">\n\t\t\t\t\t<div class=\"elementor-image-box-wrapper\"><figure class=\"elementor-image-box-img\"><img decoding=\"async\" width=\"1600\" height=\"1120\" src=\"http:\/\/americobras.pt\/wp-content\/uploads\/2026\/03\/2.jpg\" class=\"elementor-animation-grow attachment-full size-full wp-image-58\" alt=\"\" srcset=\"https:\/\/americobras.pt\/wp-content\/uploads\/2026\/03\/2.jpg 1600w, https:\/\/americobras.pt\/wp-content\/uploads\/2026\/03\/2-300x210.jpg 300w, https:\/\/americobras.pt\/wp-content\/uploads\/2026\/03\/2-1024x717.jpg 1024w, https:\/\/americobras.pt\/wp-content\/uploads\/2026\/03\/2-768x538.jpg 768w, https:\/\/americobras.pt\/wp-content\/uploads\/2026\/03\/2-1536x1075.jpg 1536w\" sizes=\"(max-width: 1600px) 100vw, 1600px\" \/><\/figure><div class=\"elementor-image-box-content\"><h4 class=\"elementor-image-box-title\">Consultadoria Econ\u00f3mica-Financeira<\/h4><p class=\"elementor-image-box-description\">Prestamos servi\u00e7os de consultadoria econ\u00f3mico-financeira e auditorias com o objetivo de ajudar nossos clientes a alcan\u00e7ar uma gest\u00e3o financeira mais eficiente e estrat\u00e9gica.<\/p><\/div><\/div>\t\t\t\t<\/div>\n\t\t\t\t<div class=\"elementor-element elementor-element-f2515a2 elementor-widget-tablet__width-initial elementor-widget-mobile__width-inherit elementor-widget__width-initial elementor-position-top elementor-widget elementor-widget-image-box\" data-id=\"f2515a2\" data-element_type=\"widget\" data-e-type=\"widget\" data-widget_type=\"image-box.default\">\n\t\t\t\t\t<div class=\"elementor-image-box-wrapper\"><figure class=\"elementor-image-box-img\"><img decoding=\"async\" width=\"1600\" height=\"1120\" src=\"http:\/\/americobras.pt\/wp-content\/uploads\/2026\/03\/3.jpg\" class=\"elementor-animation-grow attachment-full size-full wp-image-59\" alt=\"\" srcset=\"https:\/\/americobras.pt\/wp-content\/uploads\/2026\/03\/3.jpg 1600w, https:\/\/americobras.pt\/wp-content\/uploads\/2026\/03\/3-300x210.jpg 300w, https:\/\/americobras.pt\/wp-content\/uploads\/2026\/03\/3-1024x717.jpg 1024w, https:\/\/americobras.pt\/wp-content\/uploads\/2026\/03\/3-768x538.jpg 768w, https:\/\/americobras.pt\/wp-content\/uploads\/2026\/03\/3-1536x1075.jpg 1536w\" sizes=\"(max-width: 1600px) 100vw, 1600px\" \/><\/figure><div class=\"elementor-image-box-content\"><h4 class=\"elementor-image-box-title\">Projetos e Candidaturas<\/h4><p class=\"elementor-image-box-description\">Apoiamos na identifica\u00e7\u00e3o de oportunidades de financiamento e na elabora\u00e7\u00e3o de candidaturas e projetos a fundos comunit\u00e1rios e outros incentivos financeiros, assegurando o crescimento do seu neg\u00f3cio com efici\u00eancia e estrat\u00e9gica.<\/p><\/div><\/div>\t\t\t\t<\/div>\n\t\t\t\t<\/div>\n\t\t\t\t\t<\/div>\n\t\t\t\t<\/div>\n\t\t<div class=\"elementor-element elementor-element-d6aa2ab e-flex e-con-boxed e-con e-parent\" data-id=\"d6aa2ab\" data-element_type=\"container\" data-e-type=\"container\">\n\t\t\t\t\t<div class=\"e-con-inner\">\n\t\t<div class=\"elementor-element elementor-element-00573c8 e-con-full e-flex e-con e-child\" data-id=\"00573c8\" data-element_type=\"container\" data-e-type=\"container\" data-settings=\"{&quot;background_background&quot;:&quot;classic&quot;}\">\n\t\t\t\t<div class=\"elementor-element elementor-element-b0ce2ef elementor-widget elementor-widget-heading\" data-id=\"b0ce2ef\" data-element_type=\"widget\" data-e-type=\"widget\" data-widget_type=\"heading.default\">\n\t\t\t\t\t<h3 class=\"elementor-heading-title elementor-size-default\">Para mais informa\u00e7\u00f5es, fale connosco!\n<\/h3>\t\t\t\t<\/div>\n\t\t\t\t<\/div>\n\t\t<div class=\"elementor-element elementor-element-7b6ecda e-con-full e-flex e-con e-child\" data-id=\"7b6ecda\" data-element_type=\"container\" data-e-type=\"container\" data-settings=\"{&quot;background_background&quot;:&quot;classic&quot;}\">\n\t\t\t\t<div class=\"elementor-element elementor-element-b5664e4 elementor-widget elementor-widget-button\" data-id=\"b5664e4\" data-element_type=\"widget\" data-e-type=\"widget\" data-widget_type=\"button.default\">\n\t\t\t\t\t\t\t\t\t\t<a class=\"elementor-button elementor-button-link elementor-size-sm elementor-animation-shrink\" href=\"tel:229482831\">\n\t\t\t\t\t\t<span class=\"elementor-button-content-wrapper\">\n\t\t\t\t\t\t\t\t\t<span class=\"elementor-button-text\">229 482 831<\/span>\n\t\t\t\t\t<\/span>\n\t\t\t\t\t<\/a>\n\t\t\t\t\t\t\t\t<\/div>\n\t\t\t\t<\/div>\n\t\t\t\t\t<\/div>\n\t\t\t\t<\/div>\n\t\t<div class=\"elementor-element elementor-element-c64f333 e-flex e-con-boxed e-con e-parent\" data-id=\"c64f333\" data-element_type=\"container\" data-e-type=\"container\">\n\t\t\t\t\t<div class=\"e-con-inner\">\n\t\t<div class=\"elementor-element elementor-element-8b7e522 e-con-full e-flex e-con e-child\" data-id=\"8b7e522\" data-element_type=\"container\" data-e-type=\"container\">\n\t\t\t\t<div class=\"elementor-element elementor-element-4ffeff4 elementor-widget elementor-widget-heading\" data-id=\"4ffeff4\" data-element_type=\"widget\" data-e-type=\"widget\" data-widget_type=\"heading.default\">\n\t\t\t\t\t<h2 class=\"elementor-heading-title elementor-size-default\">Am\u00e9rico Br\u00e1s - Gabinete de Contabilidade, Lda.<\/h2>\t\t\t\t<\/div>\n\t\t\t\t<div class=\"elementor-element elementor-element-92253c5 elementor-widget elementor-widget-heading\" data-id=\"92253c5\" data-element_type=\"widget\" data-e-type=\"widget\" data-widget_type=\"heading.default\">\n\t\t\t\t\t<h4 class=\"elementor-heading-title elementor-size-default\">Procura um servi\u00e7o de confian\u00e7a a pre\u00e7os competitivos?<\/h4>\t\t\t\t<\/div>\n\t\t\t\t<div class=\"elementor-element elementor-element-10f6cca elementor-widget elementor-widget-text-editor\" data-id=\"10f6cca\" data-element_type=\"widget\" data-e-type=\"widget\" data-widget_type=\"text-editor.default\">\n\t\t\t\t\t\t\t\t\t<div id=\"1482847526\" class=\"u_1482847526 dmRespCol small-12 large-5 medium-5\"><div id=\"1261892623\" class=\"u_1261892623 dmNewParagraph\" data-element-type=\"paragraph\" data-version=\"5\"><p class=\"m-size-15 text-align-left size-15\"><span class=\"font-size-15 m-font-size-15\">Com anos de experi\u00eancia, os nossos contabilistas garantem um <strong>servi\u00e7o de excel\u00eancia<\/strong>, quer seja um empres\u00e1rio em nome individual ou uma sociedade.<\/span><\/p><p class=\"m-size-15 text-align-left size-15\"><span class=\"font-size-15 m-font-size-15\">Oferecemos um servi\u00e7o profissional e garantimos a melhor qualidade de trabalho a <strong>pre\u00e7os acess\u00edveis<\/strong>.<\/span><\/p><\/div><\/div><div id=\"1515392597\" class=\"u_1515392597 dmRespCol small-12 large-4 medium-4\"><div id=\"1984462359\" class=\"u_1984462359 dmNewParagraph\" data-element-type=\"paragraph\" data-version=\"5\"><p class=\"text-align-left m-size-12 size-15\"><span class=\"font-size-15 m-font-size-12\">Prestamos auditorias profissionais, tratamos de impostos empresariais, servi\u00e7os financeiros e de contabilidade. Elaboramos <strong>projetos e candidaturas a incentivos financeiro<\/strong>s.<\/span><\/p><p class=\"text-align-left m-size-12 size-15\"><span class=\"font-size-15 m-font-size-12\">Todos os nossos colaboradores s\u00e3o altamente qualificados e membros reconhecidos da <strong>Ordem dos Contabilistas Certificados<\/strong>.<\/span><\/p><\/div><\/div>\t\t\t\t\t\t\t\t<\/div>\n\t\t\t\t<\/div>\n\t\t<div class=\"elementor-element elementor-element-8f0e0e2 e-con-full e-flex e-con e-child\" data-id=\"8f0e0e2\" data-element_type=\"container\" data-e-type=\"container\" data-settings=\"{&quot;background_background&quot;:&quot;classic&quot;}\">\n\t\t\t\t<\/div>\n\t\t\t\t\t<\/div>\n\t\t\t\t<\/div>\n\t\t<div class=\"elementor-element elementor-element-2d036d0 e-flex e-con-boxed e-con e-parent\" data-id=\"2d036d0\" data-element_type=\"container\" data-e-type=\"container\">\n\t\t\t\t\t<div class=\"e-con-inner\">\n\t\t\t\t<div class=\"elementor-element elementor-element-89d3c53 elementor-widget elementor-widget-menu-anchor\" data-id=\"89d3c53\" data-element_type=\"widget\" data-e-type=\"widget\" data-widget_type=\"menu-anchor.default\">\n\t\t\t\t\t\t\t<div class=\"elementor-menu-anchor\" id=\"contactos\"><\/div>\n\t\t\t\t\t\t<\/div>\n\t\t\t\t<div class=\"elementor-element elementor-element-feae36c elementor-widget elementor-widget-heading\" data-id=\"feae36c\" data-element_type=\"widget\" data-e-type=\"widget\" data-widget_type=\"heading.default\">\n\t\t\t\t\t<h2 class=\"elementor-heading-title elementor-size-default\">Contactos<\/h2>\t\t\t\t<\/div>\n\t\t<div class=\"elementor-element elementor-element-3825b67 e-con-full e-flex e-con e-child\" data-id=\"3825b67\" data-element_type=\"container\" data-e-type=\"container\">\n\t\t<div class=\"elementor-element elementor-element-00efb78 e-con-full e-flex e-con e-child\" data-id=\"00efb78\" data-element_type=\"container\" data-e-type=\"container\">\n\t\t\t\t<div class=\"elementor-element elementor-element-4f32dae elementor-align-start elementor-icon-list--layout-traditional elementor-list-item-link-full_width elementor-widget elementor-widget-icon-list\" data-id=\"4f32dae\" data-element_type=\"widget\" data-e-type=\"widget\" data-widget_type=\"icon-list.default\">\n\t\t\t\t\t\t\t<ul class=\"elementor-icon-list-items\">\n\t\t\t\t\t\t\t<li class=\"elementor-icon-list-item\">\n\t\t\t\t\t\t\t\t\t\t\t<span class=\"elementor-icon-list-icon\">\n\t\t\t\t\t\t\t<svg aria-hidden=\"true\" class=\"e-font-icon-svg e-fas-phone-square-alt\" viewBox=\"0 0 448 512\" xmlns=\"http:\/\/www.w3.org\/2000\/svg\"><path d=\"M400 32H48A48 48 0 0 0 0 80v352a48 48 0 0 0 48 48h352a48 48 0 0 0 48-48V80a48 48 0 0 0-48-48zm-16.39 307.37l-15 65A15 15 0 0 1 354 416C194 416 64 286.29 64 126a15.7 15.7 0 0 1 11.63-14.61l65-15A18.23 18.23 0 0 1 144 96a16.27 16.27 0 0 1 13.79 9.09l30 70A17.9 17.9 0 0 1 189 181a17 17 0 0 1-5.5 11.61l-37.89 31a231.91 231.91 0 0 0 110.78 110.78l31-37.89A17 17 0 0 1 299 291a17.85 17.85 0 0 1 5.91 1.21l70 30A16.25 16.25 0 0 1 384 336a17.41 17.41 0 0 1-.39 3.37z\"><\/path><\/svg>\t\t\t\t\t\t<\/span>\n\t\t\t\t\t\t\t\t\t\t<span class=\"elementor-icon-list-text\">229 482 831 (Chamada para a rede fixa nacional)<\/span>\n\t\t\t\t\t\t\t\t\t<\/li>\n\t\t\t\t\t\t\t\t<li class=\"elementor-icon-list-item\">\n\t\t\t\t\t\t\t\t\t\t\t<span class=\"elementor-icon-list-icon\">\n\t\t\t\t\t\t\t<svg aria-hidden=\"true\" class=\"e-font-icon-svg e-fas-phone-square-alt\" viewBox=\"0 0 448 512\" xmlns=\"http:\/\/www.w3.org\/2000\/svg\"><path d=\"M400 32H48A48 48 0 0 0 0 80v352a48 48 0 0 0 48 48h352a48 48 0 0 0 48-48V80a48 48 0 0 0-48-48zm-16.39 307.37l-15 65A15 15 0 0 1 354 416C194 416 64 286.29 64 126a15.7 15.7 0 0 1 11.63-14.61l65-15A18.23 18.23 0 0 1 144 96a16.27 16.27 0 0 1 13.79 9.09l30 70A17.9 17.9 0 0 1 189 181a17 17 0 0 1-5.5 11.61l-37.89 31a231.91 231.91 0 0 0 110.78 110.78l31-37.89A17 17 0 0 1 299 291a17.85 17.85 0 0 1 5.91 1.21l70 30A16.25 16.25 0 0 1 384 336a17.41 17.41 0 0 1-.39 3.37z\"><\/path><\/svg>\t\t\t\t\t\t<\/span>\n\t\t\t\t\t\t\t\t\t\t<span class=\"elementor-icon-list-text\">912 181 453 (Chamada para a rede m\u00f3vel nacional)<\/span>\n\t\t\t\t\t\t\t\t\t<\/li>\n\t\t\t\t\t\t\t\t<li class=\"elementor-icon-list-item\">\n\t\t\t\t\t\t\t\t\t\t\t<span class=\"elementor-icon-list-icon\">\n\t\t\t\t\t\t\t<svg aria-hidden=\"true\" class=\"e-font-icon-svg e-fas-mail-bulk\" viewBox=\"0 0 576 512\" xmlns=\"http:\/\/www.w3.org\/2000\/svg\"><path d=\"M160 448c-25.6 0-51.2-22.4-64-32-64-44.8-83.2-60.8-96-70.4V480c0 17.67 14.33 32 32 32h256c17.67 0 32-14.33 32-32V345.6c-12.8 9.6-32 25.6-96 70.4-12.8 9.6-38.4 32-64 32zm128-192H32c-17.67 0-32 14.33-32 32v16c25.6 19.2 22.4 19.2 115.2 86.4 9.6 6.4 28.8 25.6 44.8 25.6s35.2-19.2 44.8-22.4c92.8-67.2 89.6-67.2 115.2-86.4V288c0-17.67-14.33-32-32-32zm256-96H224c-17.67 0-32 14.33-32 32v32h96c33.21 0 60.59 25.42 63.71 57.82l.29-.22V416h192c17.67 0 32-14.33 32-32V192c0-17.67-14.33-32-32-32zm-32 128h-64v-64h64v64zm-352-96c0-35.29 28.71-64 64-64h224V32c0-17.67-14.33-32-32-32H96C78.33 0 64 14.33 64 32v192h96v-32z\"><\/path><\/svg>\t\t\t\t\t\t<\/span>\n\t\t\t\t\t\t\t\t\t\t<span class=\"elementor-icon-list-text\">contabilidade@americobras.pt<\/span>\n\t\t\t\t\t\t\t\t\t<\/li>\n\t\t\t\t\t\t<\/ul>\n\t\t\t\t\t\t<\/div>\n\t\t\t\t<div class=\"elementor-element elementor-element-4ac1180 elementor-widget elementor-widget-text-editor\" data-id=\"4ac1180\" data-element_type=\"widget\" data-e-type=\"widget\" data-widget_type=\"text-editor.default\">\n\t\t\t\t\t\t\t\t\t<div id=\"1699438134\" class=\"u_1699438134 dmRespCol small-12 large-3 medium-3\"><h4 id=\"1195724989\" class=\"u_1195724989 dmNewParagraph\" data-element-type=\"paragraph\" data-version=\"5\"><strong><span style=\"font-family: -apple-system, BlinkMacSystemFont, 'Segoe UI', Roboto, 'Helvetica Neue', Arial, 'Noto Sans', sans-serif, 'Apple Color Emoji', 'Segoe UI Emoji', 'Segoe UI Symbol', 'Noto Color Emoji';\">Morada<\/span><\/strong><\/h4><div id=\"1992979380\" class=\"dmNewParagraph\" data-element-type=\"paragraph\" data-version=\"5\"><p class=\"m-size-15 size-15\"><span class=\"m-font-size-15 font-size-15\">Pra\u00e7a Doutor Jos\u00e9 Vieira Carvalho <\/span><span class=\"m-font-size-15 font-size-15\">85, 1\u00ba-Esq. <\/span><span class=\"m-font-size-15 font-size-15\">4470-202 Maia<\/span><\/p><\/div><\/div>\t\t\t\t\t\t\t\t<\/div>\n\t\t\t\t<div class=\"elementor-element elementor-element-aeeb42e elementor-widget elementor-widget-text-editor\" data-id=\"aeeb42e\" data-element_type=\"widget\" data-e-type=\"widget\" data-widget_type=\"text-editor.default\">\n\t\t\t\t\t\t\t\t\t<div id=\"1699438134\" class=\"u_1699438134 dmRespCol small-12 large-3 medium-3\"><h4 id=\"1195724989\" class=\"u_1195724989 dmNewParagraph\" data-element-type=\"paragraph\" data-version=\"5\"><strong><span style=\"font-family: -apple-system, BlinkMacSystemFont, 'Segoe UI', Roboto, 'Helvetica Neue', Arial, 'Noto Sans', sans-serif, 'Apple Color Emoji', 'Segoe UI Emoji', 'Segoe UI Symbol', 'Noto Color Emoji';\">Hor\u00e1rio<\/span><\/strong><\/h4><\/div><div id=\"1063824722\" class=\"u_1063824722 dmRespCol small-12 large-3 medium-3\"><div id=\"1930814956\" class=\"u_1930814956 default dmHoursOfOperation\" title=\"Hor\u00e1rio de Funcionamento\" data-element-type=\"open_hours\" data-widget-type=\"hoursOfOperation\"><div class=\"open-hours-item\"><b>Seg &#8211; Sex<\/b><\/div><div class=\"open-hours-item\"><span class=\"splitHours\"><time>9:00<\/time>\u00a0&#8211;\u00a0<time>13:00 <\/time><\/span><\/div><div class=\"open-hours-item\"><span class=\"splitHours\"><time>14:00<\/time>\u00a0&#8211;\u00a0<time>18:00<\/time><\/span><\/div><\/div><\/div>\t\t\t\t\t\t\t\t<\/div>\n\t\t\t\t<\/div>\n\t\t<div class=\"elementor-element elementor-element-0f0c8a6 e-con-full e-flex e-con e-child\" data-id=\"0f0c8a6\" data-element_type=\"container\" data-e-type=\"container\">\n\t\t\t\t<div class=\"elementor-element elementor-element-723701d elementor-widget elementor-widget-google_maps\" data-id=\"723701d\" data-element_type=\"widget\" data-e-type=\"widget\" data-widget_type=\"google_maps.default\">\n\t\t\t\t\t\t\t<div class=\"elementor-custom-embed\">\n\t\t\t<iframe loading=\"lazy\"\n\t\t\t\t\tsrc=\"https:\/\/maps.google.com\/maps?q=Americo%20Bras%20Contabilidade&#038;t=m&#038;z=14&#038;output=embed&#038;iwloc=near\"\n\t\t\t\t\ttitle=\"Americo Bras Contabilidade\"\n\t\t\t\t\taria-label=\"Americo Bras Contabilidade\"\n\t\t\t><\/iframe>\n\t\t<\/div>\n\t\t\t\t\t\t<\/div>\n\t\t\t\t<div class=\"elementor-element elementor-element-f8b408f eael-wpforms-labels-yes eael-wpforms-form-button-custom elementor-widget elementor-widget-eael-wpforms\" data-id=\"f8b408f\" data-element_type=\"widget\" data-e-type=\"widget\" data-widget_type=\"eael-wpforms.default\">\n\t\t\t\t\t            <div class=\"eael-contact-form eael-wpforms placeholder-hide eael-wpforms-align-default\">\n                                <div class=\"wpforms-container wpforms-container-full wpforms-render-modern\" id=\"wpforms-94\"><form id=\"wpforms-form-94\" class=\"wpforms-validate wpforms-form wpforms-ajax-form\" data-formid=\"94\" method=\"post\" enctype=\"multipart\/form-data\" action=\"\/index.php?rest_route=%2Fwp%2Fv2%2Fpages%2F34\" data-token=\"3bedd1018da1137e2a3a243e2560a30c\" data-token-time=\"1776759613\"><noscript class=\"wpforms-error-noscript\">Please enable JavaScript in your browser to complete this form.<\/noscript><div id=\"wpforms-error-noscript\" style=\"display: none;\">Please enable JavaScript in your browser to complete this form.<\/div><div class=\"wpforms-field-container\">\t\t<div id=\"wpforms-94-field_4-container\"\n\t\t\tclass=\"wpforms-field wpforms-field-text\"\n\t\t\tdata-field-type=\"text\"\n\t\t\tdata-field-id=\"4\"\n\t\t\t>\n\t\t\t<label class=\"wpforms-field-label\" for=\"wpforms-94-field_4\" >Nome Email Mensagem<\/label>\n\t\t\t<input type=\"text\" id=\"wpforms-94-field_4\" class=\"wpforms-field-medium\" name=\"wpforms[fields][4]\" >\n\t\t<\/div>\n\t\t<div id=\"wpforms-94-field_1-container\" class=\"wpforms-field wpforms-field-name\" data-field-id=\"1\"><label class=\"wpforms-field-label\" for=\"wpforms-94-field_1\">Nome <span class=\"wpforms-required-label\" aria-hidden=\"true\">*<\/span><\/label><input type=\"text\" id=\"wpforms-94-field_1\" class=\"wpforms-field-medium wpforms-field-required\" name=\"wpforms[fields][1]\" aria-errormessage=\"wpforms-94-field_1-error\" required><\/div><div id=\"wpforms-94-field_2-container\" class=\"wpforms-field wpforms-field-email\" data-field-id=\"2\"><label class=\"wpforms-field-label\" for=\"wpforms-94-field_2\">Email <span class=\"wpforms-required-label\" aria-hidden=\"true\">*<\/span><\/label><input type=\"email\" id=\"wpforms-94-field_2\" class=\"wpforms-field-medium wpforms-field-required\" data-disable-suggestions=\"1\" name=\"wpforms[fields][2]\" spellcheck=\"false\" aria-errormessage=\"wpforms-94-field_2-error\" required><\/div><div id=\"wpforms-94-field_3-container\" class=\"wpforms-field wpforms-field-textarea\" data-field-id=\"3\"><label class=\"wpforms-field-label\" for=\"wpforms-94-field_3\">Mensagem<\/label><textarea id=\"wpforms-94-field_3\" class=\"wpforms-field-medium\" name=\"wpforms[fields][3]\" aria-errormessage=\"wpforms-94-field_3-error\" ><\/textarea><\/div><script>\n\t\t\t\t( function() {\n\t\t\t\t\tconst style = document.createElement( 'style' );\n\t\t\t\t\tstyle.appendChild( document.createTextNode( '#wpforms-94-field_4-container { position: absolute !important; overflow: hidden !important; display: inline !important; height: 1px !important; width: 1px !important; z-index: -1000 !important; padding: 0 !important; } #wpforms-94-field_4-container input { visibility: hidden; } #wpforms-conversational-form-page #wpforms-94-field_4-container label { counter-increment: none; }' ) );\n\t\t\t\t\tdocument.head.appendChild( style );\n\t\t\t\t\tdocument.currentScript?.remove();\n\t\t\t\t} )();\n\t\t\t<\/script><\/div><!-- .wpforms-field-container --><div class=\"wpforms-submit-container\" ><input type=\"hidden\" name=\"wpforms[id]\" value=\"94\"><input type=\"hidden\" name=\"page_title\" value=\"\"><input type=\"hidden\" name=\"page_url\" value=\"https:\/\/americobras.pt\/index.php?rest_route=\/wp\/v2\/pages\/34\"><input type=\"hidden\" name=\"url_referer\" value=\"\"><button type=\"submit\" name=\"wpforms[submit]\" id=\"wpforms-submit-94\" class=\"wpforms-submit\" data-alt-text=\"A enviar...\" data-submit-text=\"Enviar\" aria-live=\"assertive\" value=\"wpforms-submit\">Enviar<\/button><img loading=\"lazy\" decoding=\"async\" src=\"https:\/\/americobras.pt\/wp-content\/plugins\/wpforms-lite\/assets\/images\/submit-spin.svg\" class=\"wpforms-submit-spinner\" style=\"display: none;\" width=\"26\" height=\"26\" alt=\"Loading\"><\/div><\/form><\/div>  <!-- .wpforms-container -->            <\/div>\n\t\t\t\t<\/div>\n\t\t\t\t<\/div>\n\t\t\t\t<\/div>\n\t\t\t\t\t<\/div>\n\t\t\t\t<\/div>\n\t\t\t\t<\/div>\n\t\t","protected":false},"excerpt":{"rendered":"<p>AM\u00c9RICO BR\u00c1S GABINETE DE CONTABILIDADE Contabilidade Geral, Consultadoria Fiscal, IRS, IRC, IVA, Fiscalidade, Projetos e Candidaturas Contacte-nos Servi\u00e7os Contabilidade Geral, Fiscalidade e Sal\u00e1rios Os nossos servi\u00e7os de contabilidade geral inclui tratamento de impostos IVA IRS IRC, gest\u00e3o de ativos, aconselhamento fiscal e entrega de todas as obriga\u00e7\u00f5es fiscais. Efetuamos processamento de sal\u00e1rios, envio de declara\u00e7\u00f5es [&hellip;]<\/p>\n","protected":false},"author":1,"featured_media":0,"parent":0,"menu_order":0,"comment_status":"closed","ping_status":"closed","template":"elementor_header_footer","meta":{"pagelayer_contact_templates":[],"_pagelayer_content":"","footnotes":""},"class_list":["post-34","page","type-page","status-publish","hentry"],"_links":{"self":[{"href":"https:\/\/americobras.pt\/index.php?rest_route=\/wp\/v2\/pages\/34","targetHints":{"allow":["GET"]}}],"collection":[{"href":"https:\/\/americobras.pt\/index.php?rest_route=\/wp\/v2\/pages"}],"about":[{"href":"https:\/\/americobras.pt\/index.php?rest_route=\/wp\/v2\/types\/page"}],"author":[{"embeddable":true,"href":"https:\/\/americobras.pt\/index.php?rest_route=\/wp\/v2\/users\/1"}],"replies":[{"embeddable":true,"href":"https:\/\/americobras.pt\/index.php?rest_route=%2Fwp%2Fv2%2Fcomments&post=34"}],"version-history":[{"count":71,"href":"https:\/\/americobras.pt\/index.php?rest_route=\/wp\/v2\/pages\/34\/revisions"}],"predecessor-version":[{"id":161,"href":"https:\/\/americobras.pt\/index.php?rest_route=\/wp\/v2\/pages\/34\/revisions\/161"}],"wp:attachment":[{"href":"https:\/\/americobras.pt\/index.php?rest_route=%2Fwp%2Fv2%2Fmedia&parent=34"}],"curies":[{"name":"wp","href":"https:\/\/api.w.org\/{rel}","templated":true}]}}